(18/(-5))/(15/(-100)). What is the greatest common factor of i and 6?
6
Suppose 7*y = 4*y + 3. Let u = y - -3. Suppose 2 = 3*n - 16. Calculate the highest common factor of u and n.
2
Suppose 2*z = 4*z + 3*k - 235, -z = -5*k - 98. Let d be (1 - (2 - -75)) + -1. Let w = z + d. Calculate the greatest common factor of 24 and w.
12
Suppose 0 = 2*t + 2*y + y - 464, 5*t - 2*y - 1122 = 0. Let z = t - 86. Suppose -2*b = -5*b + 42. Calculate the greatest common divisor of b and z.
14
Let j = 6 - 9. Let f be 33 + (-2 - j) + 2. Suppose r - 90 = -h - 36, 270 = 5*h + 4*r. Calculate the greatest common factor of f and h.
18
Let j(u) = 2*u + 1. Let q(n) = n + 2. Let p(y) = -4*j(y) + 3*q(y). Let t be p(-2). What is the greatest common factor of 8 and t?
4
Let s(b) = -b**2 - 9*b - 4. Let k be s(-8). Suppose -2*f - k*x = -104, -3*f - 22 = -2*x - 186. Calculate the highest common factor of f and 18.
18
Suppose y + 2 = 7. What is the greatest common divisor of 55 and y?
5
Suppose -48*i = -53*i + 855. Let z be (-37)/(-2) + (-1)/(-2). Calculate the greatest common divisor of z and i.
19
Suppose -8 = -g - 3*g. Suppose g*f - 204 = -0*f. Suppose -98 = -5*i + f. What is the greatest common divisor of i and 8?
8
Let g = 22 - 9. Suppose 8*l - 35 = 4*l - 3*t, l + 5*t = g. Suppose -3*k + 13 = -251. What is the highest common divisor of k and l?
8
Let i be ((-6)/(-2) - 1)*-1. Let n = 111 - 76. Let w be (4/i)/(-2)*n. Calculate the greatest common factor of 5 and w.
5
Let b be 1 - 3/3*2. Let t be (-5 - -1)*(2 + b). Let o be (-86)/t - 2/(-4). What is the highest common divisor of 11 and o?
11
Let w(g) = 8*g**2. Let s be w(-1). Let i be (-2 - s)/(4/(-10)). Suppose 12*k = 18*k - 1200. Calculate the highest common factor of k and i.
25
Let n = -7 + 11. Let d(x) = -3*x - 2. Let h(a) = 3*a + 2. Let j(q) = -5*d(q) - 4*h(q). Let v be j(n). Calculate the greatest common factor of v and 154.
14
Let c(s) be the second derivative of 19*s**3/2 - s**2/2 - 2*s. Let f be c(1). Calculate the greatest common factor of 14 and f.
14
Suppose 28 - 130 = -3*u. What is the highest common divisor of 85 and u?
17
Suppose -327 - 69 = -4*m. Let c(x) = 10*x**2 - x. Let o be c(1). Let a = o - -2. What is the highest common divisor of a and m?
11
Suppose -t - 63 = -2*t. Suppose 13*x - 17*x = -2*i - 26, -4*x - 2*i + 30 = 0. Calculate the greatest common factor of t and x.
7
Let g(k) = 5*k - 9. Let j be g(3). Calculate the greatest common factor of j and 30.
6
Let r = -2 - -7. Suppose 4*h + 2*q = -0*h + 2, -5*h - r*q = -5. Suppose -4*x = 13 - 1, h = -3*f + 5*x + 195. Calculate the greatest common divisor of 12 and f.
12
Let t be ((-11)/(-6) + -2)/((-4)/24). What is the highest common factor of 7 and t?
1
Let r(g) be the second derivative of -g**5/20 + 15*g**2/2 + 3*g. Let y be r(0). What is the greatest common divisor of 105 and y?
15
Suppose -3*w + 15*w = 1320. Suppose 0 = -6*t + 2*t + 40. Calculate the greatest common factor of w and t.
10
Suppose 0 = 5*c + 29 + 11. Let b be (0 - 2)*76/c. Calculate the highest common factor of 76 and b.
19
Let s(g) = -g - 1 - 3 + 2*g + 0 + 7*g**2. Let m be s(-3). Let n = -8 - -22. Calculate the highest common factor of m and n.
14
Let x = -9 - -5. Let k(y) = -y**3 - 3*y**2 + 4*y - 1. Let s be k(x). Let u be s - 10*1/(-2). What is the highest common divisor of u and 28?
4
Suppose -5*u + 22 = i - 27, 5*u = -5*i + 145. Let w(h) = -h**3 - 7*h**2 - 6*h + 6. Let b be w(-6). What is the highest common divisor of b and i?
6
Let l(h) = -h**3 - 5*h**2 + 4*h + 8. Let v be l(-8). Calculate the greatest common factor of 21 and v.
21
Let n be (-1 + 4)/((-9)/(-21)). Suppose 2*j - 5 = n*j. Let b be 2*(0 + (-8)/j). What is the greatest common divisor of b and 16?
16
Suppose 4*w = -o + 91, w + 81 = 4*w + 5*o. Let l(y) = -y**3 + 6*y**2 + 6*y - 3. Let j be l(6). What is the greatest common divisor of j and w?
11
Let b = 7 - 11. Let f = b + 20. Suppose -4*q = -62 - 2. What is the highest common factor of q and f?
16
Let c be 6/9 + 0 - 10/(-3). Suppose -w = -6 + 4. What is the greatest common divisor of c and w?
2
Let g be (1 - 0) + (-8 - -15) - -3. Calculate the highest common factor of 22 and g.
11
Suppose 2*u = -5*c + 12 + 2, -c + 2 = 0. Calculate the highest common factor of 8 and u.
2
Let i(c) = 3*c - 13. Let d be i(6). Suppose 3*x + d*j - 3 = 6*x, 0 = 4*x + 3*j - 25. Calculate the greatest common factor of 4 and x.
4
Suppose 0 = 3*o - 18 - 3. Let n be (5/3)/(o/42). What is the greatest common factor of n and 110?
10
Suppose t - 2 = 0, 0*r - t = -4*r + 10. Suppose -h + 36 = r*h. What is the highest common factor of h and 1?
1
Suppose -12*p + 150 = -30. Calculate the greatest common divisor of p and 120.
15
Let j = 68 + 30. Calculate the greatest common divisor of 245 and j.
49
Suppose 0 = t - 7 - 12. Let a be (-6 + 5)/((-1)/2). Suppose 4*q + 0*q - k = 679, q - 181 = -a*k. Calculate the greatest common divisor of t and q.
19
Let y(c) = -c**3 + 14*c**2 + 4. Let b be y(14). Suppose 0 = 3*g - 1 - 5. Calculate the highest common factor of g and b.
2
Let s = 4 + 0. Suppose -s*n - 2 = -6. Suppose 0 = 2*x - x - 8. What is the greatest common factor of n and x?
1
Suppose 0*n + 5 = -5*n. Let h be n + -1*(0 + -4). Suppose 3*i + t - 14 = 11, -h*i = -5*t - 1. What is the highest common divisor of 56 and i?
7
Let i be (-3)/18 + (-847)/(-42). Let w be (7 + -1)/(6/4). What is the greatest common divisor of w and i?
4
Let b be ((-84)/(-10))/(1/15). Suppose -l + 18 = -0*l. What is the highest common divisor of b and l?
18
Let s = 18 - 13. Let j = 1 - -3. Suppose 65 = j*u + p, u + u - 2*p = 20. Calculate the greatest common divisor of s and u.
5
Let v = -203 - -428. What is the highest common factor of v and 25?
25
Suppose 4 - 12 = -4*t. Suppose -4*j - 3*a = -71, -t*j + a + 11 = -22. What is the highest common divisor of 119 and j?
17
Suppose 0 = k + 2*i - 12, -40 = -4*k - 4*i + 8. Suppose -3 = -o, -r + 6 + 15 = -3*o. Calculate the greatest common factor of r and k.
6
Suppose 0*o + 12 = 4*o. Let k = o + 5. Calculate the greatest common factor of 72 and k.
8
Let d be -3*((-22)/(-6))/(-1). Suppose 5*z - 5*p - 35 = 0, -4*z + 52 = -3*p + 5*p. Calculate the greatest common divisor of d and z.
11
Suppose 0*a - 2*a - 4*g + 20 = 0, -5*g = 2*a - 24. What is the highest common factor of a and 4?
2
Let f be 63/147 - (-4)/(56/666). Calculate the greatest common divisor of 120 and f.
24
Let o be 0/((0 + -1)*-3). Suppose 0 = 2*j, 0 = k - o*j + 3*j - 2. What is the highest common divisor of 3 and k?
1
Let c(b) = -2*b**3 - 3*b**2 + 4*b. Let z(k) = k**2 - 2*k + 1. Let x be z(2). Let n = -4 + x. Let l be c(n). Calculate the highest common divisor of 30 and l.
15
Suppose -5*k + 33 = 2*c, 0 = -2*k + 4*c - 4 + 22. Calculate the greatest common divisor of k and 63.
7
Suppose -434 + 146 = -3*f. Suppose 2*z = -z - 30. Let i = z + 22. Calculate the greatest common factor of i and f.
12
Let v = -818 - -1239. Let k = -301 + v. Suppose 5*w + 2*z = -0*z + 62, -z + 25 = 2*w. Calculate the highest common divisor of w and k.
12
Suppose 0 = 4*x - 2*n - 25 - 21, 4*x - 4*n - 48 = 0. What is the greatest common factor of x and 88?
11
Let l = 1 + 0. Let k be -2*l - (-10)/2. Suppose k*f + 105 = -y + 5*y, -y + 21 = f. Calculate the greatest common factor of y and 12.
12
Let j = 766 - 446. Calculate the greatest common divisor of j and 32.
32
Let f(a) = -a. Let y be f(8). Let j = 14 + y. Calculate the highest common divisor of j and 6.
6
Let u be 4/8 + (-6)/(-4). Suppose -u*f - 14 = -v, 0*f = -2*v + f + 43. Calculate the highest common factor of v and 60.
12
Let d = -15 + 27. Let y be (-1 + 2)*(-1 + 1). Let g be 1/1*y - -108. Calculate the greatest common divisor of d and g.
12
Let j be (8 - (-3 - -3))/2. Suppose -j*d + 20 = -12. Let h be (1 + 0)/(5/440). What is the highest common divisor of h and d?
8
Let s = 528 + -520. Let g(k) = 4*k**2 - k + 4. Let b be g(4). What is the highest common factor of b and s?
8
Let b be 3/(0 + (-1)/2). Let g be ((-10)/b)/(6/18). Suppose 5*r = -u + 222, -g*r + 4*u + 234 = u. What is the highest common divisor of 9 and r?
9
Suppose 5*y = -5*a - 5, -4*y + 2*y + 4*a = -4. Suppose 4*w - 16 = -t, -t + 6*t - 5*w - 55 = y. What is the highest common divisor of 4 and t?
4
Let n(s) = -2*s + 2 - s + 4*s. Let y be n(0). S